{"id":2616,"date":"2025-08-29T12:33:43","date_gmt":"2025-08-29T12:33:43","guid":{"rendered":"https:\/\/parkat.ro\/?page_id=2616"},"modified":"2025-08-29T12:34:57","modified_gmt":"2025-08-29T12:34:57","slug":"oferte","status":"publish","type":"page","link":"https:\/\/parkat.ro\/?page_id=2616","title":{"rendered":"Oferte"},"content":{"rendered":"\t\t<div data-elementor-type=\"wp-page\" data-elementor-id=\"2616\" class=\"elementor elementor-2616\" data-elementor-post-type=\"page\">\n\t\t\t\t<div class=\"elementor-element elementor-element-e07a866 e-flex e-con-boxed e-con e-parent\" data-id=\"e07a866\" data-element_type=\"container\">\n\t\t\t\t\t<div class=\"e-con-inner\">\n\t\t\t\t<div class=\"elementor-element elementor-element-e77531e elementor-widget elementor-widget-text-editor\" data-id=\"e77531e\" data-element_type=\"widget\" data-widget_type=\"text-editor.default\">\n\t\t\t\t\t\t\t\t\t<p data-start=\"339\" data-end=\"526\"><strong data-start=\"339\" data-end=\"349\">PARKAT<\/strong> pune la dispozi\u021bie solu\u021bii integrate pentru administrarea eficient\u0103 a parc\u0103rilor cu plat\u0103, dedicate \u00een special <strong data-start=\"461\" data-end=\"523\">societ\u0103\u021bilor comerciale \u0219i administra\u021biilor publice locale<\/strong>.<\/p><p data-start=\"528\" data-end=\"671\">Fiecare ora\u0219 sau companie are nevoi diferite, de aceea oferim <strong data-start=\"590\" data-end=\"615\">pachete personalizate<\/strong>, adaptate cerin\u021belor \u0219i dimensiunii fiec\u0103rui proiect:<\/p><h3 data-start=\"673\" data-end=\"707\">Oferte pentru municipalit\u0103\u021bi<\/h3><ul data-start=\"708\" data-end=\"1017\"><li data-start=\"708\" data-end=\"876\"><p data-start=\"710\" data-end=\"876\">Implementarea complet\u0103 a sistemului de parcare cu plat\u0103, de la infrastructura hardware (parcometre, camere LPR) p\u00e2n\u0103 la software-ul de administrare \u0219i monitorizare.<\/p><\/li><li data-start=\"877\" data-end=\"951\"><p data-start=\"879\" data-end=\"951\">Suport dedicat pentru integrarea cu sistemele existente ale prim\u0103riei.<\/p><\/li><li data-start=\"952\" data-end=\"1017\"><p data-start=\"954\" data-end=\"1017\">Raportare financiar\u0103 \u0219i opera\u021bional\u0103 detaliat\u0103, \u00een timp real.<\/p><\/li><\/ul><h3 data-start=\"1019\" data-end=\"1047\">Oferte pentru companii<\/h3><ul data-start=\"1048\" data-end=\"1304\"><li data-start=\"1048\" data-end=\"1137\"><p data-start=\"1050\" data-end=\"1137\">Solu\u021bii de gestionare a parc\u0103rilor private sau mixte (angaja\u021bi, vizitatori, clien\u021bi).<\/p><\/li><li data-start=\"1138\" data-end=\"1239\"><p data-start=\"1140\" data-end=\"1239\">Pachete de echipamente \u0219i aplica\u021bii mobile adaptate volumului de trafic \u0219i necesit\u0103\u021bilor interne.<\/p><\/li><li data-start=\"1240\" data-end=\"1304\"><p data-start=\"1242\" data-end=\"1304\">Asisten\u021b\u0103 tehnic\u0103 \u0219i training pentru personalul responsabil.<\/p><\/li><\/ul><h3 data-start=\"1306\" data-end=\"1348\">Avantajele parteneriatului cu PARKAT<\/h3><ul data-start=\"1349\" data-end=\"1707\"><li data-start=\"1349\" data-end=\"1439\"><p data-start=\"1351\" data-end=\"1439\"><strong data-start=\"1351\" data-end=\"1368\">Flexibilitate<\/strong> \u2013 oferte construite pe baza nevoilor concrete ale fiec\u0103rui partener.<\/p><\/li><li data-start=\"1440\" data-end=\"1525\"><p data-start=\"1442\" data-end=\"1525\"><strong data-start=\"1442\" data-end=\"1459\">Scalabilitate<\/strong> \u2013 sistemul poate fi extins u\u0219or, odat\u0103 cu cre\u0219terea cerin\u021belor.<\/p><\/li><li data-start=\"1526\" data-end=\"1605\"><p data-start=\"1528\" data-end=\"1605\"><strong data-start=\"1528\" data-end=\"1550\">Costuri optimizate<\/strong> \u2013 mentenan\u021b\u0103 redus\u0103 \u0219i solu\u021bii tehnologice durabile.<\/p><\/li><li data-start=\"1606\" data-end=\"1707\"><p data-start=\"1608\" data-end=\"1707\"><strong data-start=\"1608\" data-end=\"1624\">Transparen\u021b\u0103<\/strong> \u2013 rapoarte clare \u0219i control deplin asupra fluxurilor financiare \u0219i opera\u021bionale.<\/p><\/li><\/ul><p data-start=\"1709\" data-end=\"1828\">\ud83d\udce9 Pentru detalii \u0219i o ofert\u0103 personalizat\u0103, ne po\u021bi contacta la:<br data-start=\"1774\" data-end=\"1777\" \/><a class=\"decorated-link cursor-pointer\" rel=\"noopener\" data-start=\"1777\" data-end=\"1826\">comercial@parkat.ro<\/a><\/p>\t\t\t\t\t\t\t\t<\/div>\n\t\t\t\t\t<\/div>\n\t\t\t\t<\/div>\n\t\t\t\t<\/div>\n\t\t","protected":false},"excerpt":{"rendered":"<p>PARKAT pune la dispozi\u021bie solu\u021bii integrate pentru administrarea eficient\u0103 a parc\u0103rilor cu plat\u0103, dedicate \u00een special societ\u0103\u021bilor comerciale \u0219i administra\u021biilor publice locale. Fiecare ora\u0219 sau companie are nevoi diferite, de aceea oferim pachete personalizate, adaptate cerin\u021belor \u0219i dimensiunii fiec\u0103rui proiect: Oferte pentru municipalit\u0103\u021bi Implementarea complet\u0103 a sistemului de parcare cu plat\u0103, de la infrastructura hardware [&hellip;]<\/p>\n","protected":false},"author":1,"featured_media":0,"parent":0,"menu_order":0,"comment_status":"closed","ping_status":"closed","template":"","meta":{"_acf_changed":false,"_monsterinsights_skip_tracking":false,"_monsterinsights_sitenote_active":false,"_monsterinsights_sitenote_note":"","_monsterinsights_sitenote_category":0,"footnotes":""},"class_list":["post-2616","page","type-page","status-publish","hentry"],"acf":[],"aioseo_notices":[],"_links":{"self":[{"href":"https:\/\/parkat.ro\/index.php?rest_route=\/wp\/v2\/pages\/2616","targetHints":{"allow":["GET"]}}],"collection":[{"href":"https:\/\/parkat.ro\/index.php?rest_route=\/wp\/v2\/pages"}],"about":[{"href":"https:\/\/parkat.ro\/index.php?rest_route=\/wp\/v2\/types\/page"}],"author":[{"embeddable":true,"href":"https:\/\/parkat.ro\/index.php?rest_route=\/wp\/v2\/users\/1"}],"replies":[{"embeddable":true,"href":"https:\/\/parkat.ro\/index.php?rest_route=%2Fwp%2Fv2%2Fcomments&post=2616"}],"version-history":[{"count":3,"href":"https:\/\/parkat.ro\/index.php?rest_route=\/wp\/v2\/pages\/2616\/revisions"}],"predecessor-version":[{"id":2619,"href":"https:\/\/parkat.ro\/index.php?rest_route=\/wp\/v2\/pages\/2616\/revisions\/2619"}],"wp:attachment":[{"href":"https:\/\/parkat.ro\/index.php?rest_route=%2Fwp%2Fv2%2Fmedia&parent=2616"}],"curies":[{"name":"wp","href":"https:\/\/api.w.org\/{rel}","templated":true}]}}